8?
True
Does 7871 divide 2004051565?
False
Is 216756012 a multiple of 4224?
False
Is 7 a factor of 229869619?
True
Is 74 a factor of 19985180?
True
Is 7 a factor of 285207435?
False
Is 4160 a factor of 279348265?
False
Is 108 a factor of 122195304?
True
Does 23 divide 680699398?
True
Does 3229 divide 1308264869?
True
Is 15727285 a multiple of 7?
True
Is 162926856 a multiple of 108?
True
Does 101 divide 457915414?
False
Is 3229 a factor of 1644164823?
True
Is 18 a factor of 479055816?
True
Is 105 a factor of 45291602?
False
Is 4 a factor of 1125650?
False
Is 13 a factor of 4134806?
True
Does 42 divide 17220539?
False
Is 1779 a factor of 32510061?
False
Is 91069030 a multiple of 130?
True
Does 2 divide 306852408?
True
Is 662805927 a multiple of 247?
False
Is 30 a factor of 9975642?
False
Is 97074155 a multiple of 207?
False
Does 210 divide 928131960?
True
Does 27 divide 521936957?
False
Is 1558529 a multiple of 7?
True
Is 2407 a factor of 2502471248?
True
Is 462631200 a multiple of 34?
True
Does 544 divide 111848032?
True
Is 125397061 a multiple of 44?
False
Does 2963 divide 1996365695?
True
Is 198605561 a multiple of 2387?
True
Is 456464820 a multiple of 2055?
True
Does 72 divide 1726632?
True
Does 12 divide 2914625016?
True
Is 2840815551 a multiple of 29?
False
Is 15 a factor of 796421111?
False
Is 251609132 a multiple of 6?
False
Does 244 divide 189320643?
False
Does 6268 divide 389669024?
True
Is 41 a factor of 15004360?
True
Is 1183558632 a multiple of 51?
True
Is 2021339 a multiple of 20?
False
Is 49 a factor of 66444735?
True
Is 600 a factor of 340610400?
True
Is 187656157 a multiple of 47?
False
Is 152459008 a multiple of 208?
True
Is 11 a factor of 4765377692?
False
Does 3225 divide 799109850?
True
Does 4299 divide 745072021?
False
Is 66 a factor of 508375281?
False
Does 7 divide 18845261?
False
Is 10 a factor of 856276971?
False
Does 1384 divide 30363576?
True
Does 119 divide 540306648?
True
Is 58 a factor of 101714016?
False
Is 11 a factor of 42299043?
False
Does 434 divide 2417814?
True
Is 5 a factor of 31103120?
True
Is 152 a factor of 5783572?
False
Does 99 divide 72155405?
False
Does 476 divide 613937660?
True
Is 8 a factor of 32545368?
True
Is 297459132 a multiple of 1258?
True
Does 64 divide 5321088?
True
Is 188 a factor of 4084864?
True
Does 36 divide 2052658273?
False
Does 27 divide 11920149?
True
Is 3090534270 a multiple of 50?
False
Is 4095342 even?
True
Does 356 divide 2585628?
True
Does 58 divide 2255697507?
False
Does 319 divide 555610678?
False
Is 2 a factor of 4140539?
False
Is 155123526 a multiple of 15?
False
Is 99 a factor of 1767445183?
False
Does 118 divide 1706945992?
True
Is 183 a factor of 34022014?
False
Does 173 divide 1214055571?
False
Is 3198419194 a multiple of 184?
False
Is 10 a factor of 22593460?
True
Is 7036 a factor of 1872586631?
False
Is 276478025 a multiple of 19?
True
Does 9 divide 12998422?
False
Is 7790205 a multiple of 139?
False
Does 112 divide 93860928?
True
Is 37 a factor of 3371681?
False
Is 756188208 a multiple of 1116?
True
Does 181 divide 103578879?
True
Is 26 a factor of 3994069?
False
Does 501 divide 5795067?
True
Is 54 a factor of 739316254?
False
Does 18 divide 324277704?
True
Is 3096 a factor of 198568152?
True
Does 41 divide 133259266?
True
Does 1411 divide 1971093238?
False
Is 4945 a factor of 1670064960?
True
Is 35 a factor of 5368860?
True
Is 7439 a factor of 23952134?
False
Is 877 a factor of 267708635?
True
Is 75111058 a multiple of 2053?
True
Does 136 divide 23683049?
False
Is 2688 a factor of 2153958912?
True
Is 84 a factor of 313916820?
True
Is 71672688 a multiple of 16?
True
Does 92 divide 11696033?
False
Is 31653135 a multiple of 1039?
True
Does 9 divide 1703906712?
True
Is 132 a factor of 85870092?
True
Is 6 a factor of 2159571?
False
Does 21 divide 10814592?
False
Is 444 a factor of 20606972?
False
Is 58 a factor of 6156932?
True
Does 607 divide 174449372?
True
Is 49236345 a multiple of 261?
True
Is 32 a factor of 112681916?
False
Does 12 divide 2752880715?
False
Is 79 a factor of 859041959?
False
Is 1409257390 a multiple of 2722?
False
Does 1453 divide 59372999?
False
Does 640 divide 731106548?
False
Is 28677997 a multiple of 359?
True
Is 91 a factor of 384361432?
True
Is 14 a factor of 1459326754?
False
Is 858 a factor of 56676906?
True
Is 7 a factor of 502551462?
True
Is 216136053 a multiple of 278?
False
Is 515011910 a multiple of 35?
True
Is 5098 a factor of 578896464?
False
Is 6612 a factor of 4455681336?
True
Is 167 a factor of 69256590?
False
Is 80536 a multiple of 50?
False
Is 1097503107 a multiple of 1206?
False
Is 14002529 a multiple of 1354?
False
Is 149685660 a multiple of 696?
False
Does 20 divide 41385432?
False
Is 1604 a factor of 11767915?
False
Is 5727456 a multiple of 84?
True
Is 1573 a factor of 3694219367?
False
Does 22 divide 1364683855?
False
Is 1160627524 a multiple of 267?
False
Is 112921769 a multiple of 19?
True
Is 4576928496 a multiple of 196?
True
Is 4070631 a multiple of 60?
False
Is 4591 a factor of 289880331?
True
Does 746 divide 35051071?
False
Does 160 divide 1834656836?
False
Is 57201530 a multiple of 610?
True
Does 126 divide 19800215?
False
Is 52185265 a multiple of 815?
True
Is 17338358 a multiple of 52?
False
Is 23 a factor of 345310868?
True
Is 44793039 a multiple of 734?
False
Is 4290248649 a multiple of 18?
False
Does 589 divide 68941861?
True
Is 89305368 a multiple of 8?
True
Does 356 divide 13956574?
False
Is 3463685460 a multiple of 15?
True
Is 44421969 a multiple of 1853?
True
Does 10 divide 29702660?
True
Is 1121977080 a multiple of 45?
True
Does 4 divide 240974482?
False
Is 2 a factor of 1134601?
False
Is 2931 a factor of 1880520782?
False
Does 1039 divide 5770164077?
False
Is 63891124 a multiple of 809?
False
Is 549 a factor of 31716898?
False
Does 1324 divide 685164210?
False
Does 20 divide 22218200?
True
Does 2008 divide 70838110?
False
Is 1586768369 a multiple of 1783?
True
Is 2651008023 a multiple of 204?
False
Does 27 divide 1012034358?
True
Is 419 a factor of 376597223?
False
Is 735 a factor of 27452987?
False
Is 12 a factor of 69393876?
True
Is 503 a factor of 26355691?
True
Does 117 divide 159415389?
False
Is 102370788 a multiple of 52?
True
Is 191485728 a multiple of 4523?
True
Does 85 divide 312718471?
False
Does 726 divide 1441814652?
False
Does 57 divide 4949974199?
False
Is 98177940 a multiple of 1596?
True
Is 24237900 a multiple of 564?
True
Is 3298 a factor of 753491377?
False
Is 780 a factor of 303570540?
True
Does 71 divide 439829593?
True
Is 982 a factor of 2347792114?
True
Is 6 a factor of 6496210?
False
Is 10 a factor of 109622464?
False
Is 87 a factor of 7252298?
False
Is 73 a factor of 111810911?
False
Is 84 a factor of 307215216?
True
Is 3 a factor of 7477106?
False
Does 1156 divide 588541950?
False
Is 446 a factor of 420145380?
True
Is 177683824 a multiple of 388?
True
Is 1611 a factor of 796513842?
True
Is 42 a factor of 249457194?
True
Is 39 a factor of 4152159663?
False
Does 3190 divide 24690600?
True
Is 38349984 a multiple of 249?
True
Is 3028760 a multiple of 580?
True
Is 7 a factor of 1418312133?
True
Does 347 divide 57104782?
False
Does 1440 divide 594932489?
False
Is 530 a factor of 26178394?
False
Is 1506 a factor of 32354516?
False
Does 325 divide 190302486?
False
Is 6407 a factor of 970695327?
False
Does 1752 divide 1378368480?
True
Is 43277861 a multiple of 11?
True
Is 391042890 a multiple of 105?
True
Is 487733697 a multiple of 121?
True
Is 113 a factor of 157810037?
True
Is 7939 a factor of 983440628?
False
Does 3846 divide 72781978?
False
Is 14 a factor of 4596860030?
True
Does 1422 divide 852997?
False
Is 2304 a factor of 98451038?
False
Is 2182852475 a multiple of 3311?
False
Does 54 divide 46643032?
False
Is 115408774 a multiple of 7?
False
Is 9 a factor of 46424985?
False
Is 70 a factor of 1357205121?
False
Is 41 a factor of 23106064?
False
Is 13958 a factor of 5455191182?
True
Is 55 a factor of 97084163?
False
Is 1841706868 a multiple of 380?
False
Is 3698260800 a multiple of 4800?
True
Is 665330876 a multiple of 14?
True
Is 36 a factor of 23380737?
False
Is 49 a factor of 12669636?
True
Is 41406876 a multiple of 108?
True
Is 57304247 a multiple of 917?
True
Does 2358 divide